mmon factor of 148 and 407?
37
Calculate the greatest common divisor of 90 and 3270.
30
Calculate the highest common factor of 8613 and 11.
11
What is the highest common divisor of 126 and 2202?
6
What is the highest common factor of 540 and 60?
60
Calculate the highest common factor of 19 and 1349.
19
What is the greatest common divisor of 40 and 110?
10
What is the greatest common divisor of 48 and 9728?
16
What is the greatest common factor of 210 and 60?
30
Calculate the greatest common factor of 120 and 2865.
15
What is the greatest common factor of 325 and 25?
25
Calculate the greatest common divisor of 2 and 202.
2
What is the highest common factor of 232 and 120?
8
Calculate the greatest common divisor of 565 and 5.
5
What is the greatest common divisor of 340 and 544?
68
What is the highest common factor of 319 and 29?
29
Calculate the highest common divisor of 49170 and 11.
11
What is the highest common factor of 55 and 15?
5
Calculate the highest common divisor of 90 and 1665.
45
What is the highest common divisor of 43 and 731?
43
Calculate the greatest common factor of 4865 and 7.
7
Calculate the greatest common divisor of 504 and 396.
36
Calculate the greatest common factor of 618 and 6.
6
What is the greatest common factor of 25205 and 1065?
355
Calculate the highest common divisor of 38555 and 11.
11
Calculate the highest common factor of 88 and 72.
8
Calculate the highest common divisor of 112 and 434.
14
Calculate the highest common divisor of 50 and 180.
10
What is the greatest common divisor of 124 and 512?
4
What is the highest common factor of 2871 and 145?
29
What is the highest common factor of 407 and 33?
11
Calculate the highest common factor of 315 and 1645.
35
Calculate the highest common factor of 64 and 288.
32
Calculate the greatest common divisor of 360 and 315.
45
What is the greatest common factor of 240 and 144?
48
What is the greatest common factor of 110 and 1078?
22
Calculate the highest common divisor of 22 and 154.
22
Calculate the highest common factor of 10300 and 5356.
412
Calculate the highest common factor of 2576 and 943.
23
What is the greatest common factor of 3688 and 16?
8
Calculate the highest common divisor of 1598 and 34.
34
What is the highest common divisor of 462 and 847?
77
Calculate the greatest common divisor of 80 and 280.
40
Calculate the highest common divisor of 84 and 140.
28
Calculate the greatest common factor of 3 and 4305.
3
What is the highest common factor of 1 and 2?
1
Calculate the greatest common divisor of 150 and 24.
6
What is the highest common factor of 5 and 215?
5
Calculate the greatest common divisor of 87 and 725.
29
What is the highest common divisor of 57080 and 40?
40
What is the highest common divisor of 63 and 2313?
9
Calculate the highest common factor of 28 and 1148.
28
What is the highest common factor of 544 and 34?
34
Calculate the greatest common factor of 95 and 7885.
95
What is the greatest common divisor of 933 and 12?
3
Calculate the highest common factor of 2241 and 166.
83
Calculate the highest common factor of 144 and 450.
18
Calculate the highest common divisor of 632 and 8.
8
What is the highest common divisor of 1744 and 16?
16
What is the highest common factor of 14 and 6706?
14
What is the greatest common factor of 935 and 6160?
55
What is the highest common divisor of 123 and 2747?
41
Calculate the greatest common factor of 8788 and 208.
52
What is the highest common factor of 370 and 320?
10
What is the highest common factor of 225 and 1935?
45
Calculate the greatest common divisor of 44 and 1474.
22
Calculate the greatest common factor of 6802 and 38.
38
What is the greatest common divisor of 2112 and 33?
33
What is the greatest common divisor of 14 and 112?
14
What is the greatest common divisor of 476 and 119?
119
Calculate the highest common divisor of 97 and 1067.
97
What is the highest common divisor of 1482 and 1014?
78
What is the highest common divisor of 280 and 1880?
40
What is the highest common factor of 42 and 378?
42
Calculate the greatest common factor of 74 and 1887.
37
Calculate the highest common divisor of 28 and 144.
4
What is the highest common divisor of 40 and 1315?
5
Calculate the highest common divisor of 17 and 1819.
17
Calculate the highest common factor of 912 and 240.
48
Calculate the greatest common divisor of 3995 and 170.
85
What is the highest common divisor of 1120 and 35?
35
Calculate the greatest common factor of 231 and 105.
21
What is the highest common divisor of 16 and 164?
4
Calculate the greatest common factor of 33 and 33.
33
Calculate the greatest common divisor of 50 and 1370.
10
What is the highest common factor of 187 and 34?
17
What is the highest common divisor of 1095 and 15?
15
Calculate the highest common factor of 92 and 23.
23
Calculate the greatest common divisor of 209 and 38.
19
Calculate the highest common divisor of 177 and 1003.
59
Calculate the highest common factor of 135 and 189.
27
Calculate the greatest common divisor of 12 and 39.
3
Calculate the highest common divisor of 20 and 4820.
20
What is the highest common factor of 10 and 13?
1
Calculate the greatest common factor of 3616 and 32.
32
Calculate the highest common divisor of 2934 and 36.
18
What is the greatest common divisor of 792 and 108?
36
What is the highest common factor of 923 and 426?
71
What is the greatest common factor of 59 and 767?
59
What is the highest common factor of 296 and 111?
37
Calculate the highest common divisor of 375 and 15.
15
Calculate the highest common factor of 192 and 168.
24
Calculate the greatest common divisor of 175 and 1025.
25
What is the highest common divisor of 363 and 99?
33
Calculate the greatest common factor of 36 and 6012.
36
Calculate the greatest common divisor of 6348 and 12.
12
What is the highest common factor of 7 and 2779?
7
Calculate the greatest common factor of 15 and 75.
15
Calculate the greatest common factor of 143 and 4763.
11
Calculate the greatest common divisor of 108 and 1836.
108
What is the highest common divisor of 120 and 210?
30
Calculate the greatest common factor of 23129 and 458.
229
What is the greatest common divisor of 80 and 368?
16
Calculate the highest common divisor of 30 and 820.
10
Calculate the highest common divisor of 6 and 12.
6
What is the greatest common divisor of 339 and 7571?
113
What is the greatest common divisor of 4 and 38?
2
What is the highest common divisor of 799 and 17?
17
What is the highest common divisor of 3440 and 180?
20
Calculate the greatest common factor of 5 and 10170.
5
Calculate the highest common divisor of 52 and 1846.
26
Calculate the highest common divisor of 6 and 3.
3
What is the greatest common factor of 43914 and 6?
6
What is the greatest common factor of 1659 and 2607?
237
What is the greatest common divisor of 52 and 13?
13
Calculate the greatest common divisor of 1544 and 2.
2
Calculate the highest common divisor of 39275 and 25.
25
Calculate the highest common divisor of 202 and 303.
101
What is the highest common factor of 4364 and 8?
4
Calculate the greatest common factor of 8245 and 194.
97
Calculate the highest common factor of 116 and 493.
29
What is the greatest common factor of 14 and 1722?
14
What is the highest common factor of 308 and 132?
44
What is the highest common divisor of 75 and 1325?
25
What is the highest common divisor of 432 and 24?
24
Calculate the highest common divisor of 1008 and 21.
21
Calculate the highest common divisor of 18880 and 192.
64
What is the highest common factor of 108 and 2646?
54
Calculate the greatest common factor of 11869 and 143.
143
What is the greatest common divisor of 400 and 10240?
80
What is the greatest common factor of 22 and 10538?
22
What is the greatest common divisor of 319 and 44?
11
What is the highest common factor of 1029 and 21?
21
Calculate the greatest common divisor of 2682 and 6.
6
What is the greatest common factor of 2227 and 4585?
131
What is the greatest common divisor of 343 and 1?
1
Calculate the greatest common factor of 268 and 1474.
134
What is the greatest common factor of 1292 and 399?
19
What is the greatest common divisor of 2352 and 2184?
168
Calculate the highest common divisor of 8703 and 9.
9
Calculate the h